 i = 3082 + -3059. Let q be -7*((-184)/(-24))/((-1)/3). What is the highest common factor of q and i?
23
Let l be -7 - (0 - -2)*(9 - 20*201). Calculate the highest common factor of 70 and l.
35
Let s(k) = 17*k**2 - 2*k - 5. Let z be s(-2). Suppose 0 = 3*v + 4*h + z, 0*v = -4*v - h - 111. Let q = v - -54. What is the greatest common divisor of 10 and q?
5
Let q be (-8 + 594/77)/(3357/840 + -4). Let z = -4 - -12. Calculate the highest common divisor of q and z.
8
Let a(k) = 2*k**3 - 58*k**2 + 96*k - 20. Let y be a(28). What is the highest common divisor of y and 700?
100
Let q(o) = -o**2 - 21*o + 1. Let r be q(-10). Let z be r*((-2)/6 + 5). What is the greatest common factor of z and 74?
74
Let b = 16354 + -16346. What is the greatest common factor of 2792 and b?
8
Let q = 1131 - -326. Suppose -8*a = -q + 137. Let v(z) = -z**3 + 4*z. Let r be v(-3). What is the greatest common factor of r and a?
15
Suppose -120096 + 720036 = 30*o. What is the highest common divisor of o and 44?
22
Let f be (30/(-20))/(3/(-4)). Suppose 4 = -2*g + f*r - 0, -4*g = 4*r - 24. Let i be (0 - 1)*1/(-2)*4. Calculate the greatest common factor of g and i.
2
Let d be (8/(-3))/(6/(-90)). Suppose i + 18*k = 13*k - 31, 45 = -3*i - 3*k. Let v be 10/(2*((-55)/20)/i). What is the highest common divisor of d and v?
20
Let p be 11/5 - 18762/(-15). What is the highest common factor of 7 and p?
7
Let s(f) = 343*f - 8*f**2 - 30 - 338*f + 0*f**2 + 2*f**3 + 0*f**3. Let a be s(7). What is the greatest common factor of 23 and a?
23
Let d(v) = v**3 - 11*v**2 + 136*v - 1005. Let z be d(9). Suppose 4*n = -2*j - 12 + 334, j = -3*n + 156. Calculate the greatest common divisor of z and j.
57
Suppose -308 = -k + d, 4*k + 5*d = 837 + 377. Suppose 4*p + 94 = 5*g, p + 15 = g + 4*p. Calculate the greatest common divisor of k and g.
18
Suppose -9*l - 224 + 251 = 0, 0 = a + l - 173. Calculate the highest common factor of a and 5746.
34
Let n(i) = 5*i - 171. Let b(p) = p + 39. Let l be b(-4). Let h be n(l). What is the highest common factor of 4 and h?
4
Let m(f) = 87 + 1115*f - 556*f - 551*f. Let o be m(-10). Calculate the highest common factor of 294 and o.
7
Suppose 0 = 8*l - 62 + 102. Let v be 29 + (l - (6 + -10)). What is the greatest common factor of v and 28?
28
Let n be 14032/56 - 16/28. Suppose 4*y = 2*a - 92, -2 - n = -5*a - y. What is the greatest common divisor of a and 110?
10
Let i(o) = -16*o**3. Let m be i(-1). Suppose 4*j - 221 = -b, -2*b + 112 = -14*j + m*j. Calculate the highest common factor of 495 and j.
55
Let m = 164 - 310. Let d = m + 156. Calculate the highest common divisor of 8 and d.
2
Let o(x) = -x**3 + 23*x**2 - 85*x + 130. Let w be o(18). Calculate the greatest common factor of w and 396.
44
Let m(i) = i**2 + 3*i + 3. Suppose 15*h = 12*h - 12. Let d = h + 1. Let k be m(d). What is the greatest common factor of 24 and k?
3
Let m(o) = 3*o**2 - 8*o + 5. Let d be m(7). Let w(g) = -10*g - 32. Let r be w(-4). Suppose 0*j - r*j + 96 = 0. What is the highest common divisor of d and j?
12
Suppose 5*q + 5*t - 17260 = 0, -2*q + t + 4122 = -2794. Calculate the highest common divisor of 54 and q.
54
Let d be 1*(-2 - -1)*(0 + -26). Let l(t) = -9*t - 232. Let x be l(-26). Calculate the highest common divisor of x and d.
2
Suppose 5*u = 4*b - 3*b + 206, -3*b - 658 = 5*u. Let z(l) = -6*l**2 + 88*l + 40. Let r be z(10). Let w = b + r. What is the greatest common factor of w and 26?
26
Let u be (-5 + 6/1)*2 + -34. Let a be ((-128)/u)/((-2)/(-54)). What is the greatest common factor of 36 and a?
36
Suppose 0 = -12*s + 51*s + 312. Let r = s - -268. What is the greatest common divisor of 100 and r?
20
Let f = -282 - -286. Let g be -1 + f - (-88 + 2 - -5). Calculate the highest common divisor of g and 105.
21
Let u(c) = 5*c + 26. Let r be u(-4). Let l be (-34)/(-17)*1/r*456. What is the greatest common divisor of 114 and l?
38
Suppose 247*l - 2275 - 430 = 1247. What is the highest common factor of 8704 and l?
16
Let i = 6 + 1. Let u(m) = m + 102. Let w be u(-74). Calculate the greatest common divisor of i and w.
7
Let l be 6/(1*-3) - -45. Let d = -565 - -569. Let o be (39 - (0 - d))*8/8. What is the greatest common factor of o and l?
43
Suppose -155*w - 12506 + 344516 = 0. What is the highest common divisor of 189 and w?
63
Suppose -6*r + 3*r - 93 = 0. Let q = r + 70. Suppose c = -3*l + 35, -4*l = 3*c + 2*c - 32. Calculate the greatest common factor of q and l.
13
Let m = 8928 + -8802. What is the greatest common divisor of m and 497?
7
Suppose 161 = 15*r - 49. Suppose -r*b + 1593 = 501. What is the highest common divisor of 52 and b?
26
Let v(l) = -39*l + 9. Let g = -42 - -39. Let o be v(g). Let x be o - (3 + -4 + 1). What is the greatest common divisor of x and 14?
14
Suppose -58 = -2*g - 2*l, 31 + 48 = 3*g - 5*l. Suppose -f + 19 = -5*x, -2*f = -f + 4*x - 10. Calculate the greatest common factor of g and f.
14
Let n = -46 - -34. Suppose k = -k - 28. Let i be (-176)/k - n/(-21). Calculate the greatest common factor of i and 96.
12
Let s(j) = 3*j + 54. Let t be s(-17). Suppose t*g - 5*l = g + 83, -5*g - 3*l = -161. Calculate the highest common factor of 289 and g.
17
Let j(w) = -3*w**2 + 9 - 49*w - w**3 + 46*w - 2. Let g(p) = p**2 - 4*p. Let a be g(3). Let r be j(a). Calculate the highest common divisor of r and 16.
16
Let i(w) = 2*w**3 - 8*w**2 - 15*w + 15. Let u be i(10). Suppose 9*f - u - 357 = 0. Suppose -f = -2*x - 62. Calculate the greatest common divisor of 6 and x.
6
Suppose -3*s - 3*n - 12 = 0, -6*s + s = -n - 10. Let y be 68/6*-13*48/(-416). What is the greatest common factor of y and s?
1
Let x be ((-28295)/90)/((-2)/4) - 2/(-9). Calculate the highest common divisor of 1739 and x.
37
Let h(p) = 19*p**2 + p. Let y be h(1). Let r(n) = n**2 - 230*n - 4727. Let m be r(-19). What is the greatest common divisor of m and y?
4
Let n(s) = 3*s + 44. Let y be n(-9). Let p = 32 - 31. Let h be (10 + -44)*((-2)/(-4) - p). Calculate the greatest common divisor of y and h.
17
Let c = 3604 + -3591. What is the highest common factor of c and 49?
1
Suppose 29*d = 28*d + 2. Let q be 2/(-1)*d - 33. Let y = -33 - q. What is the highest common factor of y and 68?
4
Let t be 2/(-22) - (-681062)/5533. Let w be -1 + 5/(10/8). What is the greatest common factor of t and w?
3
Let r(s) = 3*s**2 - 445*s**3 + 10*s + 444*s**3 + 0*s**2 + 6. Let j be r(5). Suppose 4*f = 2*f + j. What is the greatest common divisor of 12 and f?
3
Let c be -2*((-8190)/36)/35. What is the greatest common divisor of 39 and c?
13
Let r be 6/12*50 + (-13)/((-52)/(-12)). What is the highest common factor of 6754 and r?
22
Let t = -174 - -384. Suppose -t = 18*k - 20*k. Let q be k/6 + 1/2. What is the highest common divisor of 6 and q?
6
Let l(q) = -3153*q + 110359. Let f be l(35). Let g(o) = -o**3 + 7*o**2 - 6*o + 8. Let y be g(6). What is the highest common factor of f and y?
4
Let a be 17/(238/(-224)) - -175. Calculate the highest common factor of a and 1272.
159
Let p = -59 - -48. Let h(j) = -j - 7. Let w be h(p). Suppose 0 = -5*c + 2*s - 3 + 33, -w*c = 5*s + 9. What is the greatest common divisor of 16 and c?
4
Let g(q) = 3*q + 7. Let n be g(7). What is the greatest common factor of n and 35?
7
Let f = -1632 - -4062. What is the highest common divisor of f and 1296?
162
Suppose 88 = 490*i - 489*i. Let q be 2/(-7) + 10186/77. Calculate the highest common divisor of q and i.
44
Let d = -1645 - -2029. What is the highest common factor of 24 and d?
24
Suppose 22*g - 24*g + 66 = 0. Let w(r) = r**2 - 3*r + 3. Let s be w(1). Let a be 1/(s/g*(-21)/(-70)). Calculate the highest common divisor of 10 and a.
10
Suppose 2957*q + 390 = 2963*q. Let b be -3 - (3 - 2)*9. Let k(r) = r**2 + 11*r + 1. Let x be k(b). Calculate the greatest common factor of x and q.
13
Let l(d) = -d**2 - 9*d - 3. Let f be l(-4). Let m(c) = 2*c**2 - 145*c + 216. Let o be m(73). Calculate the greatest common factor of o and f.
17
Let o(k) = 62*k**2 + 53*k - 47. Let u(n) = -21*n**2 - 18*n + 15. Let t(c) = 6*o(c) + 17*u(c). Let v be t(3). What is the greatest common divisor of 16 and v?
16
Suppose -2*v + 0*v - 4*r = -20, -3*v + 2*r = -6. Suppose v*j - 360 = 880. What is the greatest common divisor of 10 and j?
10
Let t = 195 - 190. Let v be t - (80/120 + (-5)/3). Let d = 21 